{"id":242,"date":"2025-02-12T10:11:02","date_gmt":"2025-02-12T09:11:02","guid":{"rendered":"https:\/\/laylaschmidvonarx.ovh\/?post_type=product&#038;p=242"},"modified":"2025-02-12T12:55:13","modified_gmt":"2025-02-12T11:55:13","slug":"bourgogne-aligote","status":"publish","type":"product","link":"https:\/\/laylaschmidvonarx.ovh\/index.php\/produit\/bourgogne-aligote\/","title":{"rendered":"Bourgogne Aligot\u00e9"},"content":{"rendered":"<p data-start=\"0\" data-end=\"113\"><strong data-start=\"0\" data-end=\"45\">Bourgogne Aligot\u00e9 &#8211; Fra\u00eecheur et Vivacit\u00e9<\/strong><br data-start=\"45\" data-end=\"48\" \/><em data-start=\"48\" data-end=\"111\">75 cl &#8211; Origine : Bourgogne du Sud, Parcelles situ\u00e9es \u00e0 M\u00e2con<\/em><\/p>\n<p data-start=\"115\" data-end=\"494\">Ce <strong data-start=\"118\" data-end=\"139\">Bourgogne Aligot\u00e9<\/strong> s\u00e9duit par sa <strong data-start=\"154\" data-end=\"180\">fra\u00eecheur et son \u00e9clat<\/strong>. Issu des terroirs de <strong data-start=\"203\" data-end=\"212\">M\u00e2con.\u00a0<\/strong><\/p>\n<p data-start=\"262\" data-end=\"483\">Ce vin blanc est \u00e9labor\u00e9 exclusivement \u00e0 partir du c\u00e9page <strong data-start=\"320\" data-end=\"331\">Aligot\u00e9<\/strong>, qui s&#8217;\u00e9panouit sur des sols argilo-calcaires, conf\u00e9rant au vin une fra\u00eecheur et une min\u00e9ralit\u00e9 caract\u00e9ristiques.<\/p>\n<p data-start=\"485\" data-end=\"774\">\u00c0 la d\u00e9gustation, le Bourgogne Aligot\u00e9 pr\u00e9sente une robe p\u00e2le aux reflets verts. Le nez est domin\u00e9 par des ar\u00f4mes de fleurs blanches et d&#8217;agrumes, avec parfois des notes de pomme verte. En bouche, il offre une attaque vive et une belle acidit\u00e9, se terminant sur une finale rafra\u00eechissante.<\/p>\n<p data-start=\"776\" data-end=\"933\"><strong data-start=\"776\" data-end=\"801\">Accords mets &amp; vins :<\/strong> Id\u00e9al en ap\u00e9ritif, il accompagne \u00e9galement parfaitement les fruits de mer, les hu\u00eetres, les poissons grill\u00e9s et les fromages frais.<\/p>\n<p data-start=\"972\" data-end=\"1082\"><strong data-start=\"972\" data-end=\"996\">Potentiel de garde :<\/strong> \u00c0 d\u00e9guster jeune, dans les 2 \u00e0 3 ans suivant la r\u00e9colte, pour appr\u00e9cier sa fra\u00eecheur.<\/p>\n<p data-start=\"1084\" data-end=\"1230\">Le Bourgogne Aligot\u00e9 est \u00e9galement l&#8217;ingr\u00e9dient traditionnel du c\u00e9l\u00e8bre ap\u00e9ritif bourguignon, le <strong data-start=\"1181\" data-end=\"1188\">Kir<\/strong>, o\u00f9 il est associ\u00e9 \u00e0 une cr\u00e8me de cassis.<\/p>\n<p data-start=\"496\" data-end=\"632\" data-is-last-node=\"\"><strong data-start=\"496\" data-end=\"524\">Temp\u00e9rature de service :<\/strong> 8-10\u00b0C<br data-start=\"531\" data-end=\"534\" \/><strong data-start=\"534\" data-end=\"559\">Accords mets &amp; vins :<\/strong> Ap\u00e9ritif, fruits de mer, hu\u00eetres, fromages frais<br data-start=\"608\" data-end=\"611\" \/><strong data-start=\"611\" data-end=\"622\">Garde :<\/strong> 2 \u00e0 4 ans<\/p>\n","protected":false},"excerpt":{"rendered":"<p data-start=\"0\" data-end=\"56\"><strong data-start=\"0\" data-end=\"46\">Bourgogne Aligot\u00e9 &#8211; Fra\u00eecheur &amp; Min\u00e9ralit\u00e9<\/strong> (75 cl)<\/p>\n<p data-start=\"58\" data-end=\"312\" data-is-last-node=\"\">Ce <strong data-start=\"61\" data-end=\"82\">Bourgogne Aligot\u00e9<\/strong> d\u00e9voile des <strong data-start=\"95\" data-end=\"136\">notes de fleurs blanches et d&#8217;agrumes<\/strong>, avec une belle fra\u00eecheur en bouche. Son \u00e9quilibre entre vivacit\u00e9 et min\u00e9ralit\u00e9 en fait un vin id\u00e9al \u00e0 l\u2019ap\u00e9ritif ou avec fruits de mer et fromages frais. <strong data-start=\"292\" data-end=\"312\" data-is-last-node=\"\">Servir \u00e0 8-10\u00b0C.<\/strong><\/p>\n","protected":false},"featured_media":243,"comment_status":"open","ping_status":"closed","template":"","meta":{"site-sidebar-layout":"default","site-content-layout":"","ast-site-content-layout":"default","site-content-style":"default","site-sidebar-style":"default","ast-global-header-display":"","ast-banner-title-visibility":"","ast-main-header-display":"","ast-hfb-above-header-display":"","ast-hfb-below-header-display":"","ast-hfb-mobile-header-display":"","site-post-title":"","ast-breadcrumbs-content":"","ast-featured-img":"","footer-sml-layout":"","theme-transparent-header-meta":"default","adv-header-id-meta":"","stick-header-meta":"","header-above-stick-meta":"","header-main-stick-meta":"","header-below-stick-meta":"","astra-migrate-meta-layouts":"set","ast-page-background-enabled":"default","ast-page-background-meta":{"desktop":{"background-color":"var(--ast-global-color-5)","background-image":"","background-repeat":"repeat","background-position":"center center","background-size":"auto","background-attachment":"scroll","background-type":"","background-media":"","overlay-type":"","overlay-color":"","overlay-opacity":"","overlay-gradient":""},"tablet":{"background-color":"","background-image":"","background-repeat":"repeat","background-position":"center center","background-size":"auto","background-attachment":"scroll","background-type":"","background-media":"","overlay-type":"","overlay-color":"","overlay-opacity":"","overlay-gradient":""},"mobile":{"background-color":"","background-image":"","background-repeat":"repeat","background-position":"center center","background-size":"auto","background-attachment":"scroll","background-type":"","background-media":"","overlay-type":"","overlay-color":"","overlay-opacity":"","overlay-gradient":""}},"ast-content-background-meta":{"desktop":{"background-color":"var(--ast-global-color-4)","background-image":"","background-repeat":"repeat","background-position":"center center","background-size":"auto","background-attachment":"scroll","background-type":"","background-media":"","overlay-type":"","overlay-color":"","overlay-opacity":"","overlay-gradient":""},"tablet":{"background-color":"var(--ast-global-color-4)","background-image":"","background-repeat":"repeat","background-position":"center center","background-size":"auto","background-attachment":"scroll","background-type":"","background-media":"","overlay-type":"","overlay-color":"","overlay-opacity":"","overlay-gradient":""},"mobile":{"background-color":"var(--ast-global-color-4)","background-image":"","background-repeat":"repeat","background-position":"center center","background-size":"auto","background-attachment":"scroll","background-type":"","background-media":"","overlay-type":"","overlay-color":"","overlay-opacity":"","overlay-gradient":""}}},"product_brand":[20],"product_cat":[16],"product_tag":[],"class_list":{"0":"post-242","1":"product","2":"type-product","3":"status-publish","4":"has-post-thumbnail","6":"product_brand-arx-wine","7":"product_cat-vins-blancs","8":"desktop-align-left","9":"tablet-align-left","10":"mobile-align-left","12":"first","13":"instock","14":"shipping-taxable","15":"purchasable","16":"product-type-simple"},"yoast_head":"<!-- This site is optimized with the Yoast SEO plugin v24.4 - https:\/\/yoast.com\/wordpress\/plugins\/seo\/ -->\n<title>Bourgogne Aligot\u00e9 -<\/title>\n<meta name=\"robots\" content=\"index, follow, max-snippet:-1, max-image-preview:large, max-video-preview:-1\" \/>\n<link rel=\"canonical\" href=\"https:\/\/laylaschmidvonarx.ovh\/index.php\/produit\/bourgogne-aligote\/\" \/>\n<meta property=\"og:locale\" content=\"en_US\" \/>\n<meta property=\"og:type\" content=\"article\" \/>\n<meta property=\"og:title\" content=\"Bourgogne Aligot\u00e9 -\" \/>\n<meta property=\"og:description\" content=\"Bourgogne Aligot\u00e9 - Fra\u00eecheur &amp; Min\u00e9ralit\u00e9 (75 cl) Ce Bourgogne Aligot\u00e9 d\u00e9voile des notes de fleurs blanches et d&#039;agrumes, avec une belle fra\u00eecheur en bouche. Son \u00e9quilibre entre vivacit\u00e9 et min\u00e9ralit\u00e9 en fait un vin id\u00e9al \u00e0 l\u2019ap\u00e9ritif ou avec fruits de mer et fromages frais. Servir \u00e0 8-10\u00b0C.\" \/>\n<meta property=\"og:url\" content=\"https:\/\/laylaschmidvonarx.ovh\/index.php\/produit\/bourgogne-aligote\/\" \/>\n<meta property=\"article:modified_time\" content=\"2025-02-12T11:55:13+00:00\" \/>\n<meta property=\"og:image\" content=\"http:\/\/laylaschmidvonarx.ovh\/wp-content\/uploads\/2025\/02\/BA.png\" \/>\n\t<meta property=\"og:image:width\" content=\"600\" \/>\n\t<meta property=\"og:image:height\" content=\"600\" \/>\n\t<meta property=\"og:image:type\" content=\"image\/png\" \/>\n<meta name=\"twitter:card\" content=\"summary_large_image\" \/>\n<meta name=\"twitter:label1\" content=\"Est. reading time\" \/>\n\t<meta name=\"twitter:data1\" content=\"2 minutes\" \/>\n<script type=\"application\/ld+json\" class=\"yoast-schema-graph\">{\"@context\":\"https:\/\/schema.org\",\"@graph\":[{\"@type\":\"WebPage\",\"@id\":\"https:\/\/laylaschmidvonarx.ovh\/index.php\/produit\/bourgogne-aligote\/\",\"url\":\"https:\/\/laylaschmidvonarx.ovh\/index.php\/produit\/bourgogne-aligote\/\",\"name\":\"Bourgogne Aligot\u00e9 -\",\"isPartOf\":{\"@id\":\"https:\/\/laylaschmidvonarx.ovh\/#website\"},\"primaryImageOfPage\":{\"@id\":\"https:\/\/laylaschmidvonarx.ovh\/index.php\/produit\/bourgogne-aligote\/#primaryimage\"},\"image\":{\"@id\":\"https:\/\/laylaschmidvonarx.ovh\/index.php\/produit\/bourgogne-aligote\/#primaryimage\"},\"thumbnailUrl\":\"https:\/\/laylaschmidvonarx.ovh\/wp-content\/uploads\/2025\/02\/BA.png\",\"datePublished\":\"2025-02-12T09:11:02+00:00\",\"dateModified\":\"2025-02-12T11:55:13+00:00\",\"breadcrumb\":{\"@id\":\"https:\/\/laylaschmidvonarx.ovh\/index.php\/produit\/bourgogne-aligote\/#breadcrumb\"},\"inLanguage\":\"en-US\",\"potentialAction\":[{\"@type\":\"ReadAction\",\"target\":[\"https:\/\/laylaschmidvonarx.ovh\/index.php\/produit\/bourgogne-aligote\/\"]}]},{\"@type\":\"ImageObject\",\"inLanguage\":\"en-US\",\"@id\":\"https:\/\/laylaschmidvonarx.ovh\/index.php\/produit\/bourgogne-aligote\/#primaryimage\",\"url\":\"https:\/\/laylaschmidvonarx.ovh\/wp-content\/uploads\/2025\/02\/BA.png\",\"contentUrl\":\"https:\/\/laylaschmidvonarx.ovh\/wp-content\/uploads\/2025\/02\/BA.png\",\"width\":600,\"height\":600},{\"@type\":\"BreadcrumbList\",\"@id\":\"https:\/\/laylaschmidvonarx.ovh\/index.php\/produit\/bourgogne-aligote\/#breadcrumb\",\"itemListElement\":[{\"@type\":\"ListItem\",\"position\":1,\"name\":\"Accueil\",\"item\":\"https:\/\/laylaschmidvonarx.ovh\/\"},{\"@type\":\"ListItem\",\"position\":2,\"name\":\"Boutique\",\"item\":\"https:\/\/laylaschmidvonarx.ovh\/index.php\/boutique\/\"},{\"@type\":\"ListItem\",\"position\":3,\"name\":\"Bourgogne Aligot\u00e9\"}]},{\"@type\":\"WebSite\",\"@id\":\"https:\/\/laylaschmidvonarx.ovh\/#website\",\"url\":\"https:\/\/laylaschmidvonarx.ovh\/\",\"name\":\"\",\"description\":\"Vins de Bourgogne \",\"potentialAction\":[{\"@type\":\"SearchAction\",\"target\":{\"@type\":\"EntryPoint\",\"urlTemplate\":\"https:\/\/laylaschmidvonarx.ovh\/?s={search_term_string}\"},\"query-input\":{\"@type\":\"PropertyValueSpecification\",\"valueRequired\":true,\"valueName\":\"search_term_string\"}}],\"inLanguage\":\"en-US\"}]}<\/script>\n<!-- \/ Yoast SEO plugin. -->","yoast_head_json":{"title":"Bourgogne Aligot\u00e9 -","robots":{"index":"index","follow":"follow","max-snippet":"max-snippet:-1","max-image-preview":"max-image-preview:large","max-video-preview":"max-video-preview:-1"},"canonical":"https:\/\/laylaschmidvonarx.ovh\/index.php\/produit\/bourgogne-aligote\/","og_locale":"en_US","og_type":"article","og_title":"Bourgogne Aligot\u00e9 -","og_description":"Bourgogne Aligot\u00e9 - Fra\u00eecheur &amp; Min\u00e9ralit\u00e9 (75 cl) Ce Bourgogne Aligot\u00e9 d\u00e9voile des notes de fleurs blanches et d'agrumes, avec une belle fra\u00eecheur en bouche. Son \u00e9quilibre entre vivacit\u00e9 et min\u00e9ralit\u00e9 en fait un vin id\u00e9al \u00e0 l\u2019ap\u00e9ritif ou avec fruits de mer et fromages frais. Servir \u00e0 8-10\u00b0C.","og_url":"https:\/\/laylaschmidvonarx.ovh\/index.php\/produit\/bourgogne-aligote\/","article_modified_time":"2025-02-12T11:55:13+00:00","og_image":[{"width":600,"height":600,"url":"http:\/\/laylaschmidvonarx.ovh\/wp-content\/uploads\/2025\/02\/BA.png","type":"image\/png"}],"twitter_card":"summary_large_image","twitter_misc":{"Est. reading time":"2 minutes"},"schema":{"@context":"https:\/\/schema.org","@graph":[{"@type":"WebPage","@id":"https:\/\/laylaschmidvonarx.ovh\/index.php\/produit\/bourgogne-aligote\/","url":"https:\/\/laylaschmidvonarx.ovh\/index.php\/produit\/bourgogne-aligote\/","name":"Bourgogne Aligot\u00e9 -","isPartOf":{"@id":"https:\/\/laylaschmidvonarx.ovh\/#website"},"primaryImageOfPage":{"@id":"https:\/\/laylaschmidvonarx.ovh\/index.php\/produit\/bourgogne-aligote\/#primaryimage"},"image":{"@id":"https:\/\/laylaschmidvonarx.ovh\/index.php\/produit\/bourgogne-aligote\/#primaryimage"},"thumbnailUrl":"https:\/\/laylaschmidvonarx.ovh\/wp-content\/uploads\/2025\/02\/BA.png","datePublished":"2025-02-12T09:11:02+00:00","dateModified":"2025-02-12T11:55:13+00:00","breadcrumb":{"@id":"https:\/\/laylaschmidvonarx.ovh\/index.php\/produit\/bourgogne-aligote\/#breadcrumb"},"inLanguage":"en-US","potentialAction":[{"@type":"ReadAction","target":["https:\/\/laylaschmidvonarx.ovh\/index.php\/produit\/bourgogne-aligote\/"]}]},{"@type":"ImageObject","inLanguage":"en-US","@id":"https:\/\/laylaschmidvonarx.ovh\/index.php\/produit\/bourgogne-aligote\/#primaryimage","url":"https:\/\/laylaschmidvonarx.ovh\/wp-content\/uploads\/2025\/02\/BA.png","contentUrl":"https:\/\/laylaschmidvonarx.ovh\/wp-content\/uploads\/2025\/02\/BA.png","width":600,"height":600},{"@type":"BreadcrumbList","@id":"https:\/\/laylaschmidvonarx.ovh\/index.php\/produit\/bourgogne-aligote\/#breadcrumb","itemListElement":[{"@type":"ListItem","position":1,"name":"Accueil","item":"https:\/\/laylaschmidvonarx.ovh\/"},{"@type":"ListItem","position":2,"name":"Boutique","item":"https:\/\/laylaschmidvonarx.ovh\/index.php\/boutique\/"},{"@type":"ListItem","position":3,"name":"Bourgogne Aligot\u00e9"}]},{"@type":"WebSite","@id":"https:\/\/laylaschmidvonarx.ovh\/#website","url":"https:\/\/laylaschmidvonarx.ovh\/","name":"","description":"Vins de Bourgogne ","potentialAction":[{"@type":"SearchAction","target":{"@type":"EntryPoint","urlTemplate":"https:\/\/laylaschmidvonarx.ovh\/?s={search_term_string}"},"query-input":{"@type":"PropertyValueSpecification","valueRequired":true,"valueName":"search_term_string"}}],"inLanguage":"en-US"}]}},"_links":{"self":[{"href":"https:\/\/laylaschmidvonarx.ovh\/index.php\/wp-json\/wp\/v2\/product\/242","targetHints":{"allow":["GET"]}}],"collection":[{"href":"https:\/\/laylaschmidvonarx.ovh\/index.php\/wp-json\/wp\/v2\/product"}],"about":[{"href":"https:\/\/laylaschmidvonarx.ovh\/index.php\/wp-json\/wp\/v2\/types\/product"}],"replies":[{"embeddable":true,"href":"https:\/\/laylaschmidvonarx.ovh\/index.php\/wp-json\/wp\/v2\/comments?post=242"}],"wp:featuredmedia":[{"embeddable":true,"href":"https:\/\/laylaschmidvonarx.ovh\/index.php\/wp-json\/wp\/v2\/media\/243"}],"wp:attachment":[{"href":"https:\/\/laylaschmidvonarx.ovh\/index.php\/wp-json\/wp\/v2\/media?parent=242"}],"wp:term":[{"taxonomy":"product_brand","embeddable":true,"href":"https:\/\/laylaschmidvonarx.ovh\/index.php\/wp-json\/wp\/v2\/product_brand?post=242"},{"taxonomy":"product_cat","embeddable":true,"href":"https:\/\/laylaschmidvonarx.ovh\/index.php\/wp-json\/wp\/v2\/product_cat?post=242"},{"taxonomy":"product_tag","embeddable":true,"href":"https:\/\/laylaschmidvonarx.ovh\/index.php\/wp-json\/wp\/v2\/product_tag?post=242"}],"curies":[{"name":"wp","href":"https:\/\/api.w.org\/{rel}","templated":true}]}}